 i be (-12)/15 - (-71)/(-5). What is the units digit of i/10*t*-13?
9
Suppose -3*c + 2 = 4*b - 6*c, -5*b - 4*c - 13 = 0. What is the units digit of ((-3)/(6/(-206)))/(b/(-3))?
9
Suppose 6*q - 170 - 622 = 0. What is the tens digit of q?
3
What is the tens digit of 2/(-4) + 9 + 93/6?
2
Suppose -4*j - a + 17 = 0, 3*j - 4*j + 23 = 4*a. Suppose -3*y - 142 = -2*k + y, 5*k = -j*y + 316. What is the units digit of k?
5
Suppose 4*p - 3*y - 17684 = 0, -2*y = -3*p + 14336 - 1074. What is the hundreds digit of p?
4
Let z(s) = 101*s**3 - 5*s**2 + s + 8. What is the units digit of z(2)?
8
Let y(h) = h**3 + 7*h**2 + h + 9. Let s be y(-7). Let j(k) = 7*k + 6 + k**3 - k**2 + 10*k**2 + 0*k**s. What is the units digit of j(-8)?
4
Let x(n) = -7*n**2 - 7*n - 35. Let i(z) = 10*z**2 + 11*z + 52. Let m(f) = 5*i(f) + 7*x(f). What is the tens digit of m(-8)?
3
Suppose -3*r + 4*r = 5. Suppose -35 = -r*p + 20. What is the units digit of p?
1
Suppose 4 = w + w. Let j = -18 + 14. What is the units digit of 4 - w - 2*j?
0
Suppose -2563 = -16*z + 21661. What is the hundreds digit of z?
5
Let a = 137 + 149. What is the hundreds digit of a?
2
Suppose 3*h = o + 5, -h - 5 = -5*h + 3*o. What is the units digit of (0 + -51)/(h/28*-3)?
8
Let y = -92 + 100. Suppose -1112 = -y*x + 496. What is the tens digit of x?
0
Suppose -108*z = -98*z - 17130. What is the tens digit of z?
1
Suppose 5*c + 4*n = 105, 45 = 4*c - n - 39. Let f = 61 - c. What is the tens digit of f?
4
Let h be ((-18)/8)/((-9)/1056). Let r = h + -99. What is the hundreds digit of r?
1
Suppose -5*s - 3280 = -5*i, 45*i - 48*i + 2*s = -1970. What is the hundreds digit of i?
6
Let w = 24 + -22. Suppose 0 = -w*m - 2*m + 312. Suppose -a - 85 = -3*p, -4*p = -a + m - 192. What is the units digit of p?
9
Let r = 14 + -29. Let d(k) = k**2 + 10*k - 6. Let c be d(-10). Let x = c - r. What is the units digit of x?
9
Suppose -5*r = -4*q - q + 85, -70 = 5*r - 2*q. Let i be (-1004)/r + 4/(-6). Suppose -2*w - 21 + i = 0. What is the tens digit of w?
3
Let v = 1105 - 520. Suppose v = -7*z + 12*z. What is the units digit of z?
7
Suppose -6 = -b - 4. Suppose -b = u - 5. Suppose -2*w + 45 + 49 = -2*c, 0 = 2*w - u*c - 90. What is the tens digit of w?
5
Suppose -3*r - 1 = -16. Suppose f = -3*u + 48, 8*u = -r*f + 3*u + 210. What is the tens digit of f?
3
Suppose 16*h - 15881 + 2873 = 0. What is the units digit of h?
3
What is the units digit of 6/(-4)*11/(99/(-582))?
7
Let o = -491 - -771. What is the hundreds digit of o?
2
Suppose 2*t - 1348 = -3*g + t, 2*t + 454 = g. Suppose y = 4*y - g. What is the tens digit of y?
5
Let t = 151 - -5. Let o = -89 + t. Suppose 4*p - 3*a - o = 0, -2*a - 25 = -p - 4*a. What is the tens digit of p?
1
Suppose -4*m + 7 = -t - 3, 4*m - 12 = 0. Suppose -2*w = t*d - 260, -3*w + d - 2*d = -396. What is the units digit of w?
3
Let v(a) = a**3 - 3*a**2 - 6*a + 8. What is the tens digit of v(11)?
1
Suppose 0 = 17*a - 21*a. Suppose a*f = 4*k + 5*f - 1008, -5*f = 20. What is the hundreds digit of k?
2
Suppose -2*g - 21*j = -16*j - 4271, g = 3*j + 2108. What is the tens digit of g?
2
Let k = 295 - 204. What is the units digit of k?
1
Let z(v) = -15*v**2 + 2*v + 28*v**2 + 18*v**2. What is the units digit of z(2)?
8
Let p(b) = -15*b**2 + 2*b + 26. Let t be -6 + 4 - 19/(-1). Let n(w) = -5*w**2 + w + 9. Let x(i) = t*n(i) - 6*p(i). What is the tens digit of x(-4)?
5
Let f be -2 + 28 + 4 - 3. Suppose 2 = -h, -2*j + 121 = -4*h + f. What is the units digit of j?
3
What is the units digit of (7 + -409)*-7*4/12?
8
Let n be 6/(-27) + -1 + (-280)/(-45). Suppose -n*g - g = -102. What is the units digit of g?
7
Let q be 451/44 - 1/4. Let a = q + -5. Suppose -a*k - 2 - 13 = -f, -f - 5*k = 5. What is the units digit of f?
5
Let v(m) = 23*m. Let s be v(1). Suppose 3*w - 313 = s. What is the hundreds digit of w?
1
Let g(a) = 3*a + 3*a**2 - 15 + 5 + 7. Let v be g(6). What is the units digit of 1/(3 - 366/v)?
1
What is the units digit of ((-2924)/2)/(-1*2)?
1
Let f(q) = 29*q**2 + q. Let g be f(1). Suppose -c = -2*x + 7*x - 28, x + 2*c = 2. Let l = g + x. What is the units digit of l?
6
Let c(z) = 3276*z - 38. What is the units digit of c(1)?
8
Suppose 5*a - h = 11715, -17*a = -20*a + 2*h + 7036. What is the thousands digit of a?
2
Suppose -2403 - 3609 = -6*p. What is the units digit of p?
2
Suppose 43*o + 379 = 44*o. What is the units digit of o?
9
What is the tens digit of (-3256)/6*231/(-154)?
1
Suppose -685*z + 686*z - 3600 = 0. What is the thousands digit of z?
3
Let o(f) be the second derivative of f**6/120 + f**5/12 - 5*f**4/12 + 3*f**2 + f. Let r(z) be the first derivative of o(z). What is the units digit of r(-6)?
4
Suppose 5*m - 2042 = -5*j - 692, -2*j - 5*m = -552. What is the tens digit of j?
6
Let b(q) = q**3 - 2*q**2 + 11*q - 12. What is the hundreds digit of b(7)?
3
Let r be -3 - -1*(2 - -3). Suppose -r*x = -189 + 39. What is the tens digit of x?
7
Let b(m) = 120*m + 32. Let y(x) = -40*x - 11. Let d(n) = 3*b(n) + 8*y(n). What is the hundreds digit of d(5)?
2
Suppose -5*w - 3 = -3*d + 18, -5*w = 2*d + 36. Let k = -12 + w. What is the units digit of (21/3)/((-3)/k)?
2
Suppose -1 - 9 = -5*j. Let a(c) = c**2 - 3*c - 2. Let q be a(j). Let s(d) = -7*d - 3. What is the units digit of s(q)?
5
Let v(z) = -z**3 - z**2 - 12*z - 20. What is the units digit of v(-6)?
2
Let g(c) = -9*c**2 - 3*c - 9. Let j(q) = 4*q**2 + 2*q + 5. Let i(d) = -3*g(d) - 7*j(d). Let p be i(6). Let w = p - -103. What is the tens digit of w?
2
Let q be (-14)/(-2) - (-3)/(-1). Let g(k) = k**3 - 3*k**2 - 2*k - 3. Let h be g(q). What is the units digit of ((-2)/(-4))/(h/10)?
1
Suppose 5*w + 4*g = 3*g + 557, -w = 3*g - 103. Let y = w + -59. Let o = 1 + y. What is the units digit of o?
4
Let o = -29 + 31. Let w be (4 - (2 - o))*16. Suppose -5*k = -c - 3*c + 64, -4*c + w = 2*k. What is the units digit of c?
6
Suppose 2*u + 600 = 5*n, u + 344 = 3*n + 3*u. Let t = -61 + n. What is the units digit of t?
7
Let g(a) = -a + 1. Let r be g(6). Let t be -1 - r/(5/4). Suppose -y = -t*y + 62. What is the units digit of y?
1
Let z(w) = -5*w - 27. What is the tens digit of z(-9)?
1
Suppose 0 = -0*o - 3*o - 5*j - 4, -4*j = 20. Suppose -s - o = -0*s. Let b = 13 + s. What is the units digit of b?
6
Suppose -49 = 6*z - 7*z. Suppose z = 5*n - n + 5*g, -4*g + 50 = 5*n. What is the tens digit of n/10 - (-47)/5?
1
Let g(q) = 17*q - 17. Let h be g(11). Let o = h + -109. What is the tens digit of o?
6
Let q be (-7)/35*14*(6 + -1). What is the units digit of (-11 - -23)*q/(-3)?
6
Suppose 3*h = 3*k + 9486, 2*h + 7*k - 6342 = 3*k. What is the thousands digit of h?
3
Let f = -4 + 6. Suppose 0 = -2*b - y + 9, -b + y + 16 = f*b. Suppose 2 = -4*t - 2, b*t = -4*h + 55. What is the tens digit of h?
1
Let v be 0/(0/(-2) + 2). What is the tens digit of -8 - (-4 + v) - -22?
1
Let c = -803 - -1234. What is the units digit of c?
1
Let y(h) = -h**2 - 82*h - 172. What is the thousands digit of y(-42)?
1
Let b(z) = -z**3 + 2*z**2 - 1. Let i be b(2). Let a(n) = -5*n**2 + 0*n**2 + 34*n**2. What is the tens digit of a(i)?
2
Suppose -5 = -5*x + 10. Suppose 3*k = k + 3*c + 27, x*k = -3*c + 3. What is the units digit of -3*k/(-9)*2?
4
Let d = 328 + -229. Suppose -b - d = -4*b. Suppose 2*h - b - 29 = 5*f, -5*h + 4*f + 172 = 0. What is the units digit of h?
6
Let r = -41 - -42. What is the hundreds digit of r/6 - (-641)/6?
1
Suppose 2*i + 8 = 6*i. Suppose -3 = -3*n, -3*l - 2*l - i*n + 27 = 0. Suppose 250 - 100 = l*k. What is the tens digit of k?
3
Let t = -584 + 854. Suppose 0 = -9*n + 14*n - t. What is the tens digit of n?
5
Suppose 2*d = d - 5. Let c = 7 + d. Suppose 6*s = s - 20, c*x - 42 = -s. What is the tens digit of x?
2
Let v = 35 - 21. Let c = -175 + -25. What is the tens digit of 24/(-84) - c/v?
1
Let l = 108 + -92. Suppose -l = 4*m, 3*d - d = -2*m. What is the units digit of d?
4
Let p = -684 + 1235. What is the units digit of p?
1
Suppose 0*i = -2*i + 658. What is the tens digit of i?
2
Let u(n) = 3*n + 5. Let p be u(0). Suppose -w = 2*a - 18, p*w + a - 74 = -a. What is the tens digit of w?
1
Suppose 4459 = n - 16*x + 18*x, -n + 4*x = -4441. What is the tens digit of n?
5
Let g(m) = m**2 - 2*m + 1. Let o be g(2). What is the hundreds digit of (277 - (-4)/4)/o?
2
What is the units digit of (-2490)/(-22)